 = a + -169. What is the units digit of i?
6
Let k(t) = 18*t**2 + 60*t - 42. What is the units digit of k(-5)?
8
Suppose -801*c + 22863 = 4*q - 802*c, 2*q = -4*c + 11436. What is the thousands digit of q?
5
What is the ten thousands digit of (-2)/5 + (-11)/(385/(-1156554))?
3
Let r = -67 - -70. Suppose r*y = 4*m + 27, 2*m + 6 = -0*m. Suppose 0*a = -y*w + 4*a + 325, -4*w + 260 = -5*a. What is the units digit of w?
5
Suppose r = -w + 1311, -2*r = 3*w - 3*r - 3917. Suppose -4*j + w = -2*p - 475, 879 = 2*j + 3*p. What is the units digit of j?
4
Suppose 0 = -4*d - 2*y - 168, d - 104 = 4*d - 4*y. What is the units digit of (1 - 343/(-14))/((-6)/d)?
0
Suppose -156030 = -5*q - 5*u, -91593 = 5*q - 5*u - 247563. What is the tens digit of q?
0
Suppose -4*q + 3518 + 634 = 0. Suppose 11*l + q = 3524. What is the tens digit of l?
2
Let v be (-88)/6*(-3)/2*1. Let z = 127 + v. Suppose b = -0*b + z. What is the hundreds digit of b?
1
Let i(x) be the first derivative of 8*x**3/3 - 13*x**2/2 + 5*x - 7. Let w be i(6). Let b = -109 + w. What is the tens digit of b?
0
Suppose 2*o + 3*j = -6, j = 3*o - 7*o - 12. What is the thousands digit of (48300/(-50))/(2/o)?
1
Let d be 6*(-2)/(-4)*1. Suppose 1685 = 4*i + d*n, -2*i = 3*n - 1252 + 417. What is the units digit of i?
5
Let w(g) = -15*g**3 - 2*g**2 - 6*g + 5. Let y be w(3). Let v = 792 + y. What is the units digit of v?
6
Let x = -161 + 157. What is the units digit of x/(-6) + (-7242)/(-18)?
3
Suppose -5*q = -10*q. Suppose 4*h = h, q = 5*f - 5*h + 15. What is the units digit of 166*1/(-6)*f/1?
3
Let z = -102 - -146. What is the units digit of 4*20 + (-3 - z/(-11))?
1
Suppose -8*l + 19 = -5. Suppose l*y = 150 + 117. Suppose 0 = -2*m + y - 21. What is the units digit of m?
4
Suppose 3*g - 9*c + 13*c - 102 = 0, -9 = -3*c. What is the units digit of 2216/3 - -5*2/g?
9
Let s = -82 + 88. Suppose -2*y + 8*m + 350 = s*m, 3*m = -3*y + 549. Let l = y + -127. What is the units digit of l?
2
Let p(l) = -534*l - 683. What is the thousands digit of p(-11)?
5
Let t = 21 + -19. Let s be t/(-3*2/(-90)). Let o = s - -2. What is the tens digit of o?
3
Let j = -1 + 5. Let u(h) = -3*h - 1 + j*h + 4*h + 7. What is the units digit of u(16)?
6
What is the hundreds digit of 8816 + (-28)/((-28)/(-4)) + (1 - 3)?
8
Let x = 14404 + -7973. What is the thousands digit of x?
6
Let g(v) = 27*v**2 - v - 5. Suppose 0 = -6*u + 11*u - 15. Suppose 0 = u*r - 1 + 7. What is the tens digit of g(r)?
0
What is the hundreds digit of (-6)/4*(-5 - (-77067)/(-27))?
2
Let k(i) = -2*i + 32. Let u be k(14). Suppose -g - 47 = n, n - u = 4*g - 26. Let v = 92 + n. What is the units digit of v?
0
Let l(a) = -21*a**3 + 8*a**2 + 156*a + 1250. What is the ten thousands digit of l(-8)?
1
Let i(y) = 18 - 109*y - 52*y - 17. Let u be i(1). Let j = -44 - u. What is the hundreds digit of j?
1
Suppose -25*g = -204554 - 394021. What is the ten thousands digit of g?
2
Let y(p) = -435*p**3 + 5*p**2 - 11*p - 27. What is the thousands digit of y(-2)?
3
What is the thousands digit of (-19)/((-19)/(-8)) - -6743?
6
Let j = -43145 - -73202. What is the units digit of j?
7
Let r(h) = h**3 + 12*h**2 + 6. Let v be r(-12). Suppose -v*b - 4*c + 732 = -2*b, -4*b + 737 = 5*c. What is the tens digit of b?
7
Suppose -76*n = 3*f - 73*n - 333, 252 = 2*f - 4*n. What is the units digit of f?
6
Suppose 0 = 7*d - 5*d. Let z(k) = -41*k - 10. Let h be z(-10). Suppose -5*t + h = -d*t. What is the tens digit of t?
8
Let l(m) = 6*m**2 + 268*m + 91. What is the units digit of l(-61)?
9
Let c(f) = 86*f**2 - 3*f + 2. Let m be c(-1). Let k = m + 209. What is the units digit of k?
0
Let g(r) be the third derivative of -7*r**4/24 + 10*r**3 - 51*r**2. What is the hundreds digit of g(-9)?
1
Suppose -i - 15 - 46 = 0. Let d = -88 - i. Let r = d + 54. What is the tens digit of r?
2
Suppose -1040*l + 63790 = -1045*l + 179595. What is the thousands digit of l?
3
Let t(k) = -204*k**3 + 5*k + 32. What is the ten thousands digit of t(-5)?
2
Suppose r = l + 1010, 46*l - 48*l + 2028 = 2*r. Suppose 0 = -m + 5*o + r, 4*m + 15*o = 10*o + 4173. What is the tens digit of m?
3
What is the hundreds digit of ((-1312)/(-12))/((-664)/(-72) - 9)?
4
Suppose -5*h + 0*a + 4*a - 7435 = 0, 2*a - 1481 = h. Let k = -826 - h. What is the tens digit of k?
6
What is the units digit of (-14)/(-63) + 664134/54 - 3?
6
Suppose -138*g = -941459 - 816523. What is the units digit of g?
9
Let x be (-4)/12 + 2271/27*3. Suppose -x = 135*z - 137*z. What is the hundreds digit of z?
1
Let p = 60780 + -33546. What is the tens digit of p?
3
Let j(r) = -32124*r**3 + 11*r**2 + 8*r - 4. What is the tens digit of j(-1)?
2
Let r be 24 - (5 + -11)/(-6 + 4). Suppose -12*m = -r*m + 3573. What is the tens digit of m?
9
Let m(w) = -w**3 - 8*w**2 + 19*w - 12. Let n be m(-10). Let i be 207/46 + 1/n. What is the tens digit of (4 - (i - 2))*41?
8
Suppose -n + 5*l + 122 = 7, -4*n = -2*l - 514. Suppose 0 = c - n - 171. What is the units digit of c/35 + 4/10?
9
What is the tens digit of 7897/(0 + 5*-1 + 1771/322)?
9
Suppose -n - 24 = -28. Suppose 2*q - n*p - 1132 = -7*p, 2*p = -q + 567. What is the tens digit of q?
6
Let x be 72/18 + (1 - 2) + -50. Let o = x + 252. What is the hundreds digit of o?
2
Let s be (-15)/2 + (12 - (-147)/(-14)). Let r(d) = -130*d + 58. What is the units digit of r(s)?
8
Let w(m) = m - 7. Let a be w(-5). Let y(i) be the second derivative of i**4/12 - i**3/3 + 2*i**2 + 329*i. What is the units digit of y(a)?
2
Let x be (4110/(-45))/((-2)/6). Suppose 8157 = -4*j + 3*c, 3*j + 4*c = -5825 - x. What is the hundreds digit of (-9)/54 - (j/18 + -2)?
1
Let j be (-20)/(-90) + 16/9 + 5. What is the tens digit of j/((-28)/(-48))*(-6 - -73)?
0
What is the hundreds digit of ((-22230)/(-12) + 11)*4?
4
Let r(g) = 16*g**3 + 12*g**2 + 8*g - 42. What is the tens digit of r(6)?
9
Let l be 4/(-7)*((-39)/6 - -3). Suppose 2 = l*i, 0*g = g + 4*i - 71. Suppose 8*s - 95 = -4*d + 5*s, -3*d + 2*s = -g. What is the tens digit of d?
2
Let u be (-1107)/18*(0 - 6). Let n = u + -529. What is the tens digit of 26/(-4)*n/16?
6
Let v be 3043 + 0/(0 + -1). Suppose 3*k + 607 = v. What is the hundreds digit of k?
8
Let h(q) = 118*q**3 - 9*q**2 + 69*q - 31. What is the units digit of h(7)?
5
Let u(f) = 2*f**2 - 7*f - 2. Let h(x) = -8*x - 27. Let p be h(-3). Let b be 2*((p - -5) + 1)*-1. What is the hundreds digit of u(b)?
1
Suppose 5*b + 195447 = 4*f, 0 = -0*b + 19*b + 133. What is the tens digit of f?
5
Let u = 12 - 12. Suppose u = -3*n - 4*s + 179, 0*n - 5*s = n - 67. Suppose n = -0*b + b - 2*d, 2*d = 0. What is the units digit of b?
7
Suppose -7*b = -3*b - 4*a - 44, -2*b + 3*a + 27 = 0. Suppose n + b = 4*n. Suppose 0 = -n*v + u + 68, -5*u + 102 = 4*v - v. What is the units digit of v?
4
Suppose -4 = -13*w + 9*w, w = 3*z - 23126. What is the hundreds digit of z?
7
What is the tens digit of (-48)/(-40) + (-2841644)/(-130)?
6
Let b be (5/2)/(-2*(-3)/(-1212)). Let v = -208 - b. What is the units digit of v?
7
Let k(l) = 2746*l**2 + 33*l + 32. What is the tens digit of k(-1)?
4
What is the hundreds digit of (3312/30)/((-7)/(-350))?
5
Let x(j) = 3*j - 109. Let m be x(-14). Let k = -77 - m. What is the units digit of k?
4
What is the tens digit of ((-2 - -1) + 4/2)*(67 - -1595)?
6
Let f(u) = -4*u**3 - 38*u**2 - 76*u - 63. What is the thousands digit of f(-15)?
6
Suppose 5*m = 22 - 2. Suppose 0 = m*j + j - 325. Let a = j + -10. What is the tens digit of a?
5
Suppose -o + 101 = -5*i + i, -96 = -o - i. Suppose 309 = -7*z - o. Let a = z + 208. What is the tens digit of a?
5
What is the units digit of (99066/(-9))/(-19)*((-365)/(-10) - -4)?
3
Let z(h) = -91*h**3 - h**2 + 5*h + 15. Let k be z(-5). Suppose -20*i - k = -41*i. What is the hundreds digit of i?
5
Let x = -422 - -427. Suppose 22*a + 8357 = 4*n + 17*a, x*a - 15 = 0. What is the thousands digit of n?
2
Suppose -2671 - 1661 = -4*q + 3*m, -2*m = 8. What is the hundreds digit of ((-2)/3)/((-2)/q)?
3
Let o(u) be the second derivative of -8*u**3 - 19*u**2/2 - u. Suppose 0 = -10*k + 2*k + 4*k - 24. What is the hundreds digit of o(k)?
2
What is the hundreds digit of (-346)/(-4)*(3 + 45)/8?
5
Let a = 8741 - 2157. What is the tens digit of a?
8
Let k(c) = c**3 + 9*c**2 + 19*c + 46. Let f be k(-6). Suppose -59*g + f = -55*g. What is the units dig